CRAN Package Check Results for Package CollocInfer

Last updated on 2023-01-28 00:52:45 CET.

Flavor Version Tinstall Tcheck Ttotal Status Flags
r-devel-linux-x86_64-debian-clang 1.0.4 19.11 133.01 152.12 WARN
r-devel-linux-x86_64-debian-gcc 1.0.4 13.91 100.03 113.94 OK
r-devel-linux-x86_64-fedora-clang 1.0.4 198.62 OK
r-devel-linux-x86_64-fedora-gcc 1.0.4 186.66 OK
r-devel-windows-x86_64 1.0.4 176.00 159.00 335.00 OK
r-patched-linux-x86_64 1.0.4 20.56 126.38 146.94 OK
r-release-linux-x86_64 1.0.4 14.40 129.51 143.91 OK
r-release-macos-arm64 1.0.4 51.00 OK
r-release-macos-x86_64 1.0.4 88.00 OK
r-release-windows-x86_64 1.0.4 123.00 161.00 284.00 OK
r-oldrel-macos-arm64 1.0.4 56.00 OK
r-oldrel-macos-x86_64 1.0.4 85.00 OK
r-oldrel-windows-ix86+x86_64 1.0.4 37.00 147.00 184.00 OK

Check Details

Version: 1.0.4
Check: for code/documentation mismatches
Result: WARN
    Error in b[[2L]] : subscript out of bounds
    Calls: <Anonymous> -> vapply -> FUN
    Execution halted
Flavor: r-devel-linux-x86_64-debian-clang