CRAN Package Check Results for Package CompDist

Last updated on 2022-09-29 23:02:49 CEST.

Flavor Version Tinstall Tcheck Ttotal Status Flags
r-devel-linux-x86_64-debian-clang 1.0 3.07 29.65 32.72 OK
r-devel-linux-x86_64-debian-gcc 1.0 2.52 23.12 25.64 OK
r-devel-linux-x86_64-fedora-clang 1.0 52.69 NOTE
r-devel-linux-x86_64-fedora-gcc 1.0 53.40 NOTE
r-devel-windows-x86_64 1.0 8.00 63.00 71.00 OK
r-patched-linux-x86_64 1.0 3.66 29.48 33.14 OK
r-release-linux-x86_64 1.0 2.81 28.25 31.06 OK
r-release-macos-arm64 1.0 14.00 NOTE
r-release-macos-x86_64 1.0 24.00 NOTE
r-release-windows-x86_64 1.0 8.00 65.00 73.00 OK
r-oldrel-macos-arm64 1.0 24.00 NOTE
r-oldrel-macos-x86_64 1.0 25.00 NOTE
r-oldrel-windows-ix86+x86_64 1.0 7.00 53.00 60.00 OK

Check Details

Version: 1.0
Check: dependencies in R code
Result: NOTE
    Namespaces in Imports field not imported from:
     ‘PearsonDS’ ‘VGAM’ ‘actuar’ ‘fExtremes’ ‘rmutil’
     All declared Imports should be used.
Flavors: r-devel-linux-x86_64-fedora-clang, r-devel-linux-x86_64-fedora-gcc, r-release-macos-arm64, r-release-macos-x86_64, r-oldrel-macos-arm64, r-oldrel-macos-x86_64