CRAN Package Check Results for Package EpiCurve

Last updated on 2022-10-03 22:59:16 CEST.

Flavor Version Tinstall Tcheck Ttotal Status Flags
r-devel-linux-x86_64-debian-clang 2.4-2 7.61 93.67 101.28 OK
r-devel-linux-x86_64-debian-gcc 2.4-2 5.50 69.81 75.31 OK
r-devel-linux-x86_64-fedora-clang 2.4-2 139.88 NOTE
r-devel-linux-x86_64-fedora-gcc 2.4-2 131.76 NOTE
r-devel-windows-x86_64 2.4-2 12.00 157.00 169.00 OK
r-patched-linux-x86_64 2.4-2 7.28 88.05 95.33 OK
r-release-linux-x86_64 2.4-2 6.62 88.48 95.10 OK
r-release-macos-arm64 2.4-2 37.00 NOTE
r-release-macos-x86_64 2.4-2 64.00 NOTE
r-release-windows-x86_64 2.4-2 18.00 159.00 177.00 OK
r-oldrel-macos-arm64 2.4-2 43.00 NOTE
r-oldrel-macos-x86_64 2.4-2 49.00 NOTE
r-oldrel-windows-ix86+x86_64 2.4-2 17.00 135.00 152.00 OK

Check Details

Version: 2.4-2
Check: dependencies in R code
Result: NOTE
    Namespace in Imports field not imported from: ‘tibble’
     All declared Imports should be used.
Flavors: r-devel-linux-x86_64-fedora-clang, r-devel-linux-x86_64-fedora-gcc, r-release-macos-arm64, r-release-macos-x86_64, r-oldrel-macos-arm64, r-oldrel-macos-x86_64