CRAN Package Check Results for Package ExtremeRisks

Last updated on 2022-08-13 22:49:58 CEST.

Flavor Version Tinstall Tcheck Ttotal Status Flags
r-devel-linux-x86_64-debian-clang 0.0.4 15.67 111.40 127.07 NOTE
r-devel-linux-x86_64-debian-gcc 0.0.4 11.65 84.94 96.59 NOTE
r-devel-linux-x86_64-fedora-clang 0.0.4 167.12 NOTE
r-devel-linux-x86_64-fedora-gcc 0.0.4 171.24 NOTE
r-devel-windows-x86_64 0.0.4 32.00 138.00 170.00 NOTE
r-patched-linux-x86_64 0.0.4 17.50 112.12 129.62 OK
r-release-linux-x86_64 0.0.4 15.69 110.35 126.04 OK
r-release-macos-arm64 0.0.4 60.00 OK
r-release-macos-x86_64 0.0.4 84.00 OK
r-release-windows-x86_64 0.0.4 46.00 135.00 181.00 OK
r-oldrel-macos-arm64 0.0.4 69.00 OK
r-oldrel-macos-x86_64 0.0.4 104.00 OK
r-oldrel-windows-ix86+x86_64 0.0.4 26.00 128.00 154.00 OK

Check Details

Version: 0.0.4
Check: Rd files
Result: NOTE
    checkRd: (-1) sp500.Rd:5: Escaped LaTeX specials: \&
Flavors: r-devel-linux-x86_64-debian-clang, r-devel-linux-x86_64-debian-gcc, r-devel-linux-x86_64-fedora-clang, r-devel-linux-x86_64-fedora-gcc, r-devel-windows-x86_64