CRAN Package Check Results for Package GWEX

Last updated on 2022-10-03 22:59:18 CEST.

Flavor Version Tinstall Tcheck Ttotal Status Flags
r-devel-linux-x86_64-debian-clang 1.0.2 7.90 44.20 52.10 OK
r-devel-linux-x86_64-debian-gcc 1.0.2 5.94 32.84 38.78 OK
r-devel-linux-x86_64-fedora-clang 1.0.2 79.56 NOTE
r-devel-linux-x86_64-fedora-gcc 1.0.2 74.60 NOTE
r-devel-windows-x86_64 1.0.2 27.00 88.00 115.00 OK
r-patched-linux-x86_64 1.0.2 6.78 41.59 48.37 OK
r-release-linux-x86_64 1.0.2 5.53 41.36 46.89 OK
r-release-macos-arm64 1.0.2 26.00 OK
r-release-macos-x86_64 1.0.2 45.00 OK
r-release-windows-x86_64 1.0.2 24.00 83.00 107.00 OK
r-oldrel-macos-arm64 1.0.2 36.00 OK
r-oldrel-macos-x86_64 1.0.2 41.00 OK
r-oldrel-windows-ix86+x86_64 1.0.2 20.00 102.00 122.00 OK

Check Details

Version: 1.0.2
Check: compiled code
Result: NOTE
    File ‘GWEX/libs/GWEX.so’:
     Found no calls to: ‘R_registerRoutines’, ‘R_useDynamicSymbols’
    
    It is good practice to register native routines and to disable symbol
    search.
    
    See ‘Writing portable packages’ in the ‘Writing R Extensions’ manual.
Flavors: r-devel-linux-x86_64-fedora-clang, r-devel-linux-x86_64-fedora-gcc