CRAN Package Check Results for Package ICAOD

Last updated on 2022-11-28 21:56:07 CET.

Flavor Version Tinstall Tcheck Ttotal Status Flags
r-devel-linux-x86_64-debian-clang 1.0.1 149.99 134.35 284.34 NOTE
r-devel-linux-x86_64-debian-gcc 1.0.1 113.39 97.22 210.61 NOTE
r-devel-linux-x86_64-fedora-clang 1.0.1 428.81 NOTE
r-devel-linux-x86_64-fedora-gcc 1.0.1 354.16 NOTE
r-devel-windows-x86_64 1.0.1 135.00 180.00 315.00 NOTE
r-patched-linux-x86_64 1.0.1 130.77 120.25 251.02 NOTE
r-release-linux-x86_64 1.0.1 114.29 123.36 237.65 NOTE
r-release-macos-arm64 1.0.1 79.00 NOTE
r-release-macos-x86_64 1.0.1 132.00 NOTE
r-release-windows-x86_64 1.0.1 134.00 228.00 362.00 NOTE
r-oldrel-macos-arm64 1.0.1 93.00 NOTE
r-oldrel-macos-x86_64 1.0.1 117.00 NOTE
r-oldrel-windows-ix86+x86_64 1.0.1 339.00 230.00 569.00 NOTE

Check Details

Version: 1.0.1
Check: LazyData
Result: NOTE
     'LazyData' is specified without a 'data' directory
Flavors: r-devel-linux-x86_64-debian-clang, r-devel-linux-x86_64-debian-gcc, r-devel-linux-x86_64-fedora-clang, r-devel-linux-x86_64-fedora-gcc, r-devel-windows-x86_64, r-patched-linux-x86_64, r-release-linux-x86_64, r-release-macos-arm64, r-release-macos-x86_64, r-release-windows-x86_64, r-oldrel-macos-arm64, r-oldrel-macos-x86_64, r-oldrel-windows-ix86+x86_64

Version: 1.0.1
Check: installed package size
Result: NOTE
     installed size is 7.0Mb
     sub-directories of 1Mb or more:
     libs 6.2Mb
Flavors: r-release-macos-arm64, r-release-macos-x86_64, r-oldrel-macos-arm64, r-oldrel-macos-x86_64