CRAN Package Check Results for Package PredictionR

Last updated on 2022-09-29 23:03:01 CEST.

Flavor Version Tinstall Tcheck Ttotal Status Flags
r-devel-linux-x86_64-debian-clang 1.0-12 7.64 66.18 73.82 NOTE
r-devel-linux-x86_64-debian-gcc 1.0-12 6.18 51.44 57.62 NOTE
r-devel-linux-x86_64-fedora-clang 1.0-12 102.77 NOTE
r-devel-linux-x86_64-fedora-gcc 1.0-12 98.92 NOTE
r-devel-windows-x86_64 1.0-12 12.00 92.00 104.00 NOTE
r-patched-linux-x86_64 1.0-12 8.34 65.92 74.26 NOTE
r-release-linux-x86_64 1.0-12 7.40 64.78 72.18 NOTE
r-release-macos-arm64 1.0-12 28.00 NOTE
r-release-macos-x86_64 1.0-12 42.00 NOTE
r-release-windows-x86_64 1.0-12 11.00 93.00 104.00 NOTE
r-oldrel-macos-arm64 1.0-12 36.00 NOTE
r-oldrel-macos-x86_64 1.0-12 51.00 NOTE
r-oldrel-windows-ix86+x86_64 1.0-12 18.00 90.00 108.00 NOTE

Check Details

Version: 1.0-12
Check: LazyData
Result: NOTE
     'LazyData' is specified without a 'data' directory
Flavors: r-devel-linux-x86_64-debian-clang, r-devel-linux-x86_64-debian-gcc, r-devel-linux-x86_64-fedora-clang, r-devel-linux-x86_64-fedora-gcc, r-devel-windows-x86_64, r-patched-linux-x86_64, r-release-linux-x86_64, r-release-macos-arm64, r-release-macos-x86_64, r-release-windows-x86_64, r-oldrel-macos-arm64, r-oldrel-macos-x86_64, r-oldrel-windows-ix86+x86_64