Last updated on 2023-01-28 00:52:59 CET.
Flavor | Version | Tinstall | Tcheck | Ttotal | Status | Flags |
---|---|---|---|---|---|---|
r-devel-linux-x86_64-debian-clang | 1.0.3 | 61.11 | 460.72 | 521.83 | OK | |
r-devel-linux-x86_64-debian-gcc | 1.0.3 | 45.41 | 324.88 | 370.29 | OK | |
r-devel-linux-x86_64-fedora-clang | 1.0.3 | 660.11 | NOTE | |||
r-devel-linux-x86_64-fedora-gcc | 1.0.3 | 660.53 | OK | |||
r-devel-windows-x86_64 | 1.0.3 | 64.00 | 491.00 | 555.00 | OK | |
r-patched-linux-x86_64 | 1.0.3 | 61.58 | 431.59 | 493.17 | OK | |
r-release-linux-x86_64 | 1.0.3 | 59.91 | 430.42 | 490.33 | OK | |
r-release-macos-arm64 | 1.0.3 | 96.00 | OK | |||
r-release-macos-x86_64 | 1.0.3 | 191.00 | OK | |||
r-release-windows-x86_64 | 1.0.3 | 71.00 | 479.00 | 550.00 | OK | |
r-oldrel-macos-arm64 | 1.0.3 | 129.00 | OK | |||
r-oldrel-macos-x86_64 | 1.0.3 | 189.00 | OK | |||
r-oldrel-windows-ix86+x86_64 | 1.0.3 | 114.00 | 488.00 | 602.00 | OK |
Version: 1.0.3
Check: package dependencies
Result: NOTE
Imports includes 25 non-default packages.
Importing from so many packages makes the package vulnerable to any of
them becoming unavailable. Move as many as possible to Suggests and
use conditionally.
Flavor: r-devel-linux-x86_64-fedora-clang