CRAN Package Check Results for Package SEMgraph

Last updated on 2023-01-28 00:53:00 CET.

Flavor Version Tinstall Tcheck Ttotal Status Flags
r-devel-linux-x86_64-debian-clang 1.1.3 14.41 132.56 146.97 OK
r-devel-linux-x86_64-debian-gcc 1.1.3 11.97 98.96 110.93 OK
r-devel-linux-x86_64-fedora-clang 1.1.3 180.05 NOTE
r-devel-linux-x86_64-fedora-gcc 1.1.3 181.13 OK
r-devel-windows-x86_64 1.1.3 53.00 174.00 227.00 OK
r-patched-linux-x86_64 1.1.3 16.26 126.00 142.26 OK
r-release-linux-x86_64 1.1.3 12.35 127.11 139.46 OK
r-release-macos-arm64 1.1.3 56.00 OK
r-release-macos-x86_64 1.1.3 71.00 OK
r-release-windows-x86_64 1.1.3 77.00 167.00 244.00 OK
r-oldrel-macos-arm64 1.1.3 57.00 OK
r-oldrel-macos-x86_64 1.1.3 11.00 ERROR
r-oldrel-windows-ix86+x86_64 1.1.3 31.00 162.00 193.00 OK

Check Details

Version: 1.1.3
Check: Rd cross-references
Result: NOTE
    Undeclared package ‘cate’ in Rd xrefs
Flavor: r-devel-linux-x86_64-fedora-clang

Version: 1.1.3
Check: package dependencies
Result: ERROR
    Package required and available but unsuitable version: ‘RBGL’
    
    See section ‘The DESCRIPTION file’ in the ‘Writing R Extensions’
    manual.
Flavor: r-oldrel-macos-x86_64