CRAN Package Check Results for Package VGAM

Last updated on 2022-08-15 23:00:51 CEST.

Flavor Version Tinstall Tcheck Ttotal Status Flags
r-devel-linux-x86_64-debian-clang 1.1-7 108.38 700.05 808.43 OK
r-devel-linux-x86_64-debian-gcc 1.1-7 89.39 502.16 591.55 OK
r-devel-linux-x86_64-fedora-clang 1.1-7 997.26 NOTE
r-devel-linux-x86_64-fedora-gcc 1.1-7 900.43 OK
r-devel-windows-x86_64 1.1-7 291.00 729.00 1020.00 NOTE
r-patched-linux-x86_64 1.1-7 133.33 635.70 769.03 OK
r-release-linux-x86_64 1.1-7 97.72 637.92 735.64 OK
r-release-macos-arm64 1.1-7 182.00 NOTE
r-release-macos-x86_64 1.1-7 274.00 NOTE
r-release-windows-x86_64 1.1-7 392.00 694.00 1086.00 NOTE
r-oldrel-macos-arm64 1.1-7 181.00 NOTE
r-oldrel-macos-x86_64 1.1-7 270.00 NOTE
r-oldrel-windows-ix86+x86_64 1.1-7 197.00 912.00 1109.00 NOTE

Check Details

Version: 1.1-7
Check: installed package size
Result: NOTE
     installed size is 7.9Mb
     sub-directories of 1Mb or more:
     R 4.1Mb
     help 2.9Mb
Flavors: r-devel-linux-x86_64-fedora-clang, r-devel-windows-x86_64, r-release-macos-arm64, r-release-macos-x86_64, r-release-windows-x86_64, r-oldrel-macos-arm64, r-oldrel-macos-x86_64, r-oldrel-windows-ix86+x86_64

Version: 1.1-7
Check: Rd cross-references
Result: NOTE
    Undeclared package ‘car’ in Rd xrefs
Flavor: r-devel-linux-x86_64-fedora-clang