CRAN Package Check Results for Package bigchess

Last updated on 2022-10-03 22:59:12 CEST.

Flavor Version Tinstall Tcheck Ttotal Status Flags
r-devel-linux-x86_64-debian-clang 1.9.1 4.88 50.96 55.84 NOTE
r-devel-linux-x86_64-debian-gcc 1.9.1 3.35 38.24 41.59 NOTE
r-devel-linux-x86_64-fedora-clang 1.9.1 81.53 NOTE
r-devel-linux-x86_64-fedora-gcc 1.9.1 79.37 NOTE
r-devel-windows-x86_64 1.9.1 37.00 85.00 122.00 OK
r-patched-linux-x86_64 1.9.1 4.82 47.44 52.26 NOTE
r-release-linux-x86_64 1.9.1 3.48 48.14 51.62 NOTE
r-release-macos-arm64 1.9.1 24.00 OK
r-release-macos-x86_64 1.9.1 34.00 NOTE
r-release-windows-x86_64 1.9.1 19.00 79.00 98.00 OK
r-oldrel-macos-arm64 1.9.1 29.00 OK
r-oldrel-macos-x86_64 1.9.1 47.00 OK
r-oldrel-windows-ix86+x86_64 1.9.1 9.00 81.00 90.00 OK

Additional issues

donttest

Check Details

Version: 1.9.1
Check: package dependencies
Result: NOTE
    Package suggested but not available for checking: 'ffbase'
Flavors: r-devel-linux-x86_64-debian-clang, r-devel-linux-x86_64-debian-gcc, r-devel-linux-x86_64-fedora-clang, r-devel-linux-x86_64-fedora-gcc, r-patched-linux-x86_64, r-release-linux-x86_64, r-release-macos-x86_64