Last updated on 2023-01-31 21:51:32 CET.
Flavor | Version | Tinstall | Tcheck | Ttotal | Status | Flags |
---|---|---|---|---|---|---|
r-devel-linux-x86_64-debian-clang | 2.4.5 | 12.14 | 121.20 | 133.34 | OK | |
r-devel-linux-x86_64-debian-gcc | 2.4.5 | 6.05 | 89.74 | 95.79 | OK | |
r-devel-linux-x86_64-fedora-clang | 2.4.5 | 161.81 | OK | |||
r-devel-linux-x86_64-fedora-gcc | 2.4.5 | 198.61 | OK | |||
r-devel-windows-x86_64 | 2.4.5 | 108.00 | 190.00 | 298.00 | OK | |
r-patched-linux-x86_64 | 2.4.5 | 14.75 | 117.64 | 132.39 | OK | |
r-release-linux-x86_64 | 2.4.5 | 10.96 | 115.78 | 126.74 | OK | |
r-release-macos-arm64 | 2.4.5 | 65.00 | OK | |||
r-release-macos-x86_64 | 2.4.5 | 80.00 | OK | |||
r-release-windows-x86_64 | 2.4.5 | 120.00 | 190.00 | 310.00 | OK | |
r-oldrel-macos-arm64 | 2.4.5 | 66.00 | OK | |||
r-oldrel-macos-x86_64 | 2.4.5 | 85.00 | OK | |||
r-oldrel-windows-ix86+x86_64 | 2.4.5 | 25.00 | 643.00 | 668.00 | WARN |
Version: 2.4.5
Check: for unstated dependencies in ‘tests’
Result: WARN
Warning: unable to access index for repository https://bioconductor.org/packages/3.14/bioc/src/contrib:
cannot open URL 'https://bioconductor.org/packages/3.14/bioc/src/contrib/PACKAGES'
Warning: unable to access index for repository https://bioconductor.org/packages/3.14/data/annotation/src/contrib:
cannot open URL 'https://bioconductor.org/packages/3.14/data/annotation/src/contrib/PACKAGES'
Warning: unable to access index for repository https://bioconductor.org/packages/3.14/data/experiment/src/contrib:
cannot open URL 'https://bioconductor.org/packages/3.14/data/experiment/src/contrib/PACKAGES'
Flavor: r-oldrel-windows-ix86+x86_64