CRAN Package Check Results for Package distcrete

Last updated on 2022-11-28 21:56:03 CET.

Flavor Version Tinstall Tcheck Ttotal Status Flags
r-devel-linux-x86_64-debian-clang 1.0.3 1.81 27.60 29.41 NOTE
r-devel-linux-x86_64-debian-gcc 1.0.3 1.50 21.31 22.81 NOTE
r-devel-linux-x86_64-fedora-clang 1.0.3 47.33 NOTE
r-devel-linux-x86_64-fedora-gcc 1.0.3 45.35 NOTE
r-devel-windows-x86_64 1.0.3 14.00 58.00 72.00 NOTE
r-patched-linux-x86_64 1.0.3 1.71 26.41 28.12 NOTE
r-release-linux-x86_64 1.0.3 1.91 27.20 29.11 NOTE
r-release-macos-arm64 1.0.3 15.00 NOTE
r-release-macos-x86_64 1.0.3 24.00 NOTE
r-release-windows-x86_64 1.0.3 11.00 59.00 70.00 NOTE
r-oldrel-macos-arm64 1.0.3 19.00 NOTE
r-oldrel-macos-x86_64 1.0.3 30.00 NOTE
r-oldrel-windows-ix86+x86_64 1.0.3 5.00 50.00 55.00 NOTE

Check Details

Version: 1.0.3
Check: LazyData
Result: NOTE
     'LazyData' is specified without a 'data' directory
Flavors: r-devel-linux-x86_64-debian-clang, r-devel-linux-x86_64-debian-gcc, r-devel-linux-x86_64-fedora-clang, r-devel-linux-x86_64-fedora-gcc, r-devel-windows-x86_64, r-patched-linux-x86_64, r-release-linux-x86_64, r-release-macos-arm64, r-release-macos-x86_64, r-release-windows-x86_64, r-oldrel-macos-arm64, r-oldrel-macos-x86_64, r-oldrel-windows-ix86+x86_64