CRAN Package Check Results for Package ecoval

Last updated on 2022-09-29 23:02:51 CEST.

Flavor Version Tinstall Tcheck Ttotal Status Flags
r-devel-linux-x86_64-debian-clang 1.2.9 18.57 90.92 109.49 OK
r-devel-linux-x86_64-debian-gcc 1.2.9 11.34 65.42 76.76 OK
r-devel-linux-x86_64-fedora-clang 1.2.9 141.34 NOTE
r-devel-linux-x86_64-fedora-gcc 1.2.9 135.36 NOTE
r-devel-windows-x86_64 1.2.9 45.00 115.00 160.00 OK
r-patched-linux-x86_64 1.2.9 14.45 85.08 99.53 OK
r-release-linux-x86_64 1.2.9 11.99 85.60 97.59 OK
r-release-macos-arm64 1.2.9 29.00 NOTE
r-release-macos-x86_64 1.2.9 47.00 NOTE
r-release-windows-x86_64 1.2.9 21.00 115.00 136.00 OK
r-oldrel-macos-arm64 1.2.9 32.00 NOTE
r-oldrel-macos-x86_64 1.2.9 47.00 NOTE
r-oldrel-windows-ix86+x86_64 1.2.9 26.00 99.00 125.00 OK

Check Details

Version: 1.2.9
Check: data for non-ASCII characters
Result: NOTE
     Note: found 5 marked UTF-8 strings
Flavors: r-devel-linux-x86_64-fedora-clang, r-devel-linux-x86_64-fedora-gcc, r-release-macos-arm64, r-release-macos-x86_64, r-oldrel-macos-arm64, r-oldrel-macos-x86_64