CRAN Package Check Results for Package epiDisplay

Last updated on 2022-10-03 22:59:16 CEST.

Flavor Version Tinstall Tcheck Ttotal Status Flags
r-devel-linux-x86_64-debian-clang 3.5.0.2 20.07 134.89 154.96 NOTE
r-devel-linux-x86_64-debian-gcc 3.5.0.2 13.86 100.34 114.20 NOTE
r-devel-linux-x86_64-fedora-clang 3.5.0.2 204.68 NOTE
r-devel-linux-x86_64-fedora-gcc 3.5.0.2 204.96 NOTE
r-devel-windows-x86_64 3.5.0.2 61.00 172.00 233.00 NOTE
r-patched-linux-x86_64 3.5.0.2 20.05 127.10 147.15 OK
r-release-linux-x86_64 3.5.0.2 16.30 128.39 144.69 OK
r-release-macos-arm64 3.5.0.2 57.00 OK
r-release-macos-x86_64 3.5.0.2 73.00 OK
r-release-windows-x86_64 3.5.0.2 85.00 171.00 256.00 OK
r-oldrel-macos-arm64 3.5.0.2 47.00 OK
r-oldrel-macos-x86_64 3.5.0.2 71.00 OK
r-oldrel-windows-ix86+x86_64 3.5.0.2 33.00 155.00 188.00 OK

Check Details

Version: 3.5.0.2
Check: Rd files
Result: NOTE
    checkRd: (-1) risk.display.rd:98: Escaped LaTeX specials: \$
Flavors: r-devel-linux-x86_64-debian-clang, r-devel-linux-x86_64-debian-gcc, r-devel-linux-x86_64-fedora-clang, r-devel-linux-x86_64-fedora-gcc, r-devel-windows-x86_64