CRAN Package Check Results for Package eva

Last updated on 2022-08-17 23:53:26 CEST.

Flavor Version Tinstall Tcheck Ttotal Status Flags
r-devel-linux-x86_64-debian-clang 0.2.6 11.41 114.42 125.83 OK
r-devel-linux-x86_64-debian-gcc 0.2.6 OK
r-devel-linux-x86_64-fedora-clang 0.2.6 162.26 NOTE
r-devel-linux-x86_64-fedora-gcc 0.2.6 158.70 NOTE
r-devel-windows-x86_64 0.2.6 25.00 151.00 176.00 OK
r-patched-linux-x86_64 0.2.6 11.60 108.74 120.34 OK
r-release-linux-x86_64 0.2.6 12.68 109.86 122.54 OK
r-release-macos-arm64 0.2.6 43.00 NOTE
r-release-macos-x86_64 0.2.6 81.00 NOTE
r-release-windows-x86_64 0.2.6 30.00 146.00 176.00 OK
r-oldrel-macos-arm64 0.2.6 49.00 NOTE
r-oldrel-macos-x86_64 0.2.6 78.00 NOTE
r-oldrel-windows-ix86+x86_64 0.2.6 24.00 140.00 164.00 OK

Check Details

Version: 0.2.6
Check: dependencies in R code
Result: NOTE
    Namespace in Imports field not imported from: ‘EnvStats’
     All declared Imports should be used.
Flavors: r-devel-linux-x86_64-fedora-clang, r-devel-linux-x86_64-fedora-gcc, r-release-macos-arm64, r-release-macos-x86_64, r-oldrel-macos-arm64, r-oldrel-macos-x86_64