CRAN Package Check Results for Package evmix

Last updated on 2022-08-13 22:49:58 CEST.

Flavor Version Tinstall Tcheck Ttotal Status Flags
r-devel-linux-x86_64-debian-clang 2.12 28.69 206.54 235.23 OK
r-devel-linux-x86_64-debian-gcc 2.12 24.26 150.88 175.14 OK
r-devel-linux-x86_64-fedora-clang 2.12 291.90 NOTE
r-devel-linux-x86_64-fedora-gcc 2.12 277.85 OK
r-devel-windows-x86_64 2.12 63.00 192.00 255.00 OK
r-patched-linux-x86_64 2.12 35.26 182.05 217.31 OK
r-release-linux-x86_64 2.12 28.94 184.39 213.33 OK
r-release-macos-arm64 2.12 50.00 NOTE
r-release-macos-x86_64 2.12 82.00 OK
r-release-windows-x86_64 2.12 63.00 195.00 258.00 OK
r-oldrel-macos-arm64 2.12 64.00 NOTE
r-oldrel-macos-x86_64 2.12 132.00 OK
r-oldrel-windows-ix86+x86_64 2.12 51.00 196.00 247.00 OK

Check Details

Version: 2.12
Check: Rd cross-references
Result: NOTE
    Undeclared packages ‘ks’, ‘evd’, ‘ismev’, ‘mixtools’, ‘evir’, ‘smoothtail’ in Rd xrefs
Flavor: r-devel-linux-x86_64-fedora-clang

Version: 2.12
Check: installed package size
Result: NOTE
     installed size is 5.9Mb
     sub-directories of 1Mb or more:
     R 2.0Mb
     doc 2.9Mb
Flavors: r-release-macos-arm64, r-oldrel-macos-arm64