CRAN Package Check Results for Package fBonds

Last updated on 2022-11-28 21:56:05 CET.

Flavor Version Tinstall Tcheck Ttotal Status Flags
r-devel-linux-x86_64-debian-clang 3042.78 6.77 53.50 60.27 NOTE
r-devel-linux-x86_64-debian-gcc 3042.78 4.73 40.71 45.44 NOTE
r-devel-linux-x86_64-fedora-clang 3042.78 83.45 NOTE
r-devel-linux-x86_64-fedora-gcc 3042.78 83.01 NOTE
r-devel-windows-x86_64 3042.78 11.00 78.00 89.00 NOTE
r-patched-linux-x86_64 3042.78 5.83 50.77 56.60 NOTE
r-release-linux-x86_64 3042.78 5.19 51.30 56.49 NOTE
r-release-macos-arm64 3042.78 26.00 NOTE
r-release-macos-x86_64 3042.78 34.00 NOTE
r-release-windows-x86_64 3042.78 12.00 78.00 90.00 NOTE
r-oldrel-macos-arm64 3042.78 33.00 NOTE
r-oldrel-macos-x86_64 3042.78 43.00 NOTE
r-oldrel-windows-ix86+x86_64 3042.78 13.00 75.00 88.00 NOTE

Check Details

Version: 3042.78
Check: LazyData
Result: NOTE
     'LazyData' is specified without a 'data' directory
Flavors: r-devel-linux-x86_64-debian-clang, r-devel-linux-x86_64-debian-gcc, r-devel-linux-x86_64-fedora-clang, r-devel-linux-x86_64-fedora-gcc, r-devel-windows-x86_64, r-patched-linux-x86_64, r-release-linux-x86_64, r-release-macos-arm64, r-release-macos-x86_64, r-release-windows-x86_64, r-oldrel-macos-arm64, r-oldrel-macos-x86_64, r-oldrel-windows-ix86+x86_64