CRAN Package Check Results for Package findR

Last updated on 2022-11-28 21:56:05 CET.

Flavor Version Tinstall Tcheck Ttotal Status Flags
r-devel-linux-x86_64-debian-clang 0.2.1 1.93 23.66 25.59 NOTE
r-devel-linux-x86_64-debian-gcc 0.2.1 1.98 18.33 20.31 NOTE
r-devel-linux-x86_64-fedora-clang 0.2.1 42.94 NOTE
r-devel-linux-x86_64-fedora-gcc 0.2.1 43.89 NOTE
r-devel-windows-x86_64 0.2.1 11.00 50.00 61.00 NOTE
r-patched-linux-x86_64 0.2.1 1.70 22.54 24.24 NOTE
r-release-linux-x86_64 0.2.1 1.66 22.68 24.34 NOTE
r-release-macos-arm64 0.2.1 15.00 NOTE
r-release-macos-x86_64 0.2.1 21.00 NOTE
r-release-windows-x86_64 0.2.1 16.00 51.00 67.00 NOTE
r-oldrel-macos-arm64 0.2.1 19.00 NOTE
r-oldrel-macos-x86_64 0.2.1 26.00 NOTE
r-oldrel-windows-ix86+x86_64 0.2.1 6.00 45.00 51.00 NOTE

Check Details

Version: 0.2.1
Check: LazyData
Result: NOTE
     'LazyData' is specified without a 'data' directory
Flavors: r-devel-linux-x86_64-debian-clang, r-devel-linux-x86_64-debian-gcc, r-devel-linux-x86_64-fedora-clang, r-devel-linux-x86_64-fedora-gcc, r-devel-windows-x86_64, r-patched-linux-x86_64, r-release-linux-x86_64, r-release-macos-arm64, r-release-macos-x86_64, r-release-windows-x86_64, r-oldrel-macos-arm64, r-oldrel-macos-x86_64, r-oldrel-windows-ix86+x86_64