Last updated on 2023-01-28 00:52:54 CET.
Flavor | Version | Tinstall | Tcheck | Ttotal | Status | Flags |
---|---|---|---|---|---|---|
r-devel-linux-x86_64-debian-clang | 0.1.5 | 83.62 | 31.76 | 115.38 | OK | |
r-devel-linux-x86_64-debian-gcc | 0.1.5 | 60.50 | 24.96 | 85.46 | OK | |
r-devel-linux-x86_64-fedora-clang | 0.1.5 | 176.38 | NOTE | |||
r-devel-linux-x86_64-fedora-gcc | 0.1.5 | 140.92 | NOTE | |||
r-patched-linux-x86_64 | 0.1.5 | 63.51 | 31.81 | 95.32 | OK | |
r-release-linux-x86_64 | 0.1.5 | 49.04 | 31.38 | 80.42 | OK | |
r-release-macos-arm64 | 0.1.5 | 38.00 | NOTE | |||
r-release-macos-x86_64 | 0.1.5 | 61.00 | NOTE | |||
r-release-windows-x86_64 | 0.1.5 | 84.00 | 93.00 | 177.00 | OK | |
r-oldrel-macos-arm64 | 0.1.5 | 43.00 | NOTE | |||
r-oldrel-macos-x86_64 | 0.1.5 | 52.00 | NOTE | |||
r-oldrel-windows-ix86+x86_64 | 0.1.5 | 188.00 | 86.00 | 274.00 | OK |
Version: 0.1.5
Check: dependencies in R code
Result: NOTE
Namespaces in Imports field not imported from:
‘DiceDesign’ ‘MaxPro’ ‘doSNOW’ ‘gmp’ ‘jpeg’
All declared Imports should be used.
Flavors: r-devel-linux-x86_64-fedora-clang, r-devel-linux-x86_64-fedora-gcc, r-release-macos-arm64, r-release-macos-x86_64, r-oldrel-macos-arm64, r-oldrel-macos-x86_64