CRAN Package Check Results for Package multgee

Last updated on 2022-10-03 22:59:22 CEST.

Flavor Version Tinstall Tcheck Ttotal Status Flags
r-devel-linux-x86_64-debian-clang 1.8.0 31.34 132.53 163.87 OK
r-devel-linux-x86_64-debian-gcc 1.8.0 29.47 96.71 126.18 OK
r-devel-linux-x86_64-fedora-clang 1.8.0 225.93 OK
r-devel-linux-x86_64-fedora-gcc 1.8.0 212.65 OK
r-devel-windows-x86_64 1.8.0 45.00 175.00 220.00 OK
r-patched-linux-x86_64 1.8.0 32.61 122.82 155.43 OK
r-release-linux-x86_64 1.8.0 33.27 124.17 157.44 OK
r-release-macos-arm64 1.8.0 59.00 WARN
r-release-macos-x86_64 1.8.0 87.00 WARN
r-release-windows-x86_64 1.8.0 46.00 168.00 214.00 OK
r-oldrel-macos-arm64 1.8.0 68.00 OK
r-oldrel-macos-x86_64 1.8.0 107.00 OK
r-oldrel-windows-ix86+x86_64 1.8.0 91.00 196.00 287.00 OK

Check Details

Version: 1.8.0
Check: re-building of vignette outputs
Result: WARN
    Error(s) in re-building vignettes:
     ...
    --- re-building ‘multgee_vignette.Rmd’ using rmarkdown
    ! LaTeX Error: File `orcidlink.sty' not found.
    
    ! Emergency stop.
    <read *>
    
    Error: processing vignette 'multgee_vignette.Rmd' failed with diagnostics:
    LaTeX failed to compile /Volumes/Builds/packages/big-sur-arm64/results/4.2/multgee.Rcheck/vign_test/multgee/vignettes/multgee_vignette.tex. See https://yihui.org/tinytex/r/#debugging for debugging tips. See multgee_vignette.log for more info.
    --- failed re-building ‘multgee_vignette.Rmd’
    
    SUMMARY: processing the following file failed:
     ‘multgee_vignette.Rmd’
    
    Error: Vignette re-building failed.
    Execution halted
Flavor: r-release-macos-arm64

Version: 1.8.0
Check: re-building of vignette outputs
Result: WARN
    Error(s) in re-building vignettes:
     ...
    --- re-building ‘multgee_vignette.Rmd’ using rmarkdown
    ! LaTeX Error: File `orcidlink.sty' not found.
    
    ! Emergency stop.
    <read *>
    
    Error: processing vignette 'multgee_vignette.Rmd' failed with diagnostics:
    LaTeX failed to compile /Volumes/Builds/packages/high-sierra-x86_64/results/4.2/multgee.Rcheck/vign_test/multgee/vignettes/multgee_vignette.tex. See https://yihui.org/tinytex/r/#debugging for debugging tips. See multgee_vignette.log for more info.
    --- failed re-building ‘multgee_vignette.Rmd’
    
    SUMMARY: processing the following file failed:
     ‘multgee_vignette.Rmd’
    
    Error: Vignette re-building failed.
    Execution halted
Flavor: r-release-macos-x86_64