CRAN Package Check Results for Package multiMarker

Last updated on 2022-11-28 21:56:11 CET.

Flavor Version Tinstall Tcheck Ttotal Status Flags
r-devel-linux-x86_64-debian-clang 1.0.1 2.52 46.94 49.46 NOTE
r-devel-linux-x86_64-debian-gcc 1.0.1 2.26 34.09 36.35 NOTE
r-devel-linux-x86_64-fedora-clang 1.0.1 70.69 NOTE
r-devel-linux-x86_64-fedora-gcc 1.0.1 68.30 NOTE
r-devel-windows-x86_64 1.0.1 19.00 75.00 94.00 NOTE
r-patched-linux-x86_64 1.0.1 3.12 41.32 44.44 NOTE
r-release-linux-x86_64 1.0.1 2.26 41.80 44.06 NOTE
r-release-macos-arm64 1.0.1 19.00 NOTE
r-release-macos-x86_64 1.0.1 25.00 NOTE
r-release-windows-x86_64 1.0.1 15.00 66.00 81.00 NOTE
r-oldrel-macos-arm64 1.0.1 26.00 NOTE
r-oldrel-macos-x86_64 1.0.1 40.00 NOTE
r-oldrel-windows-ix86+x86_64 1.0.1 6.00 64.00 70.00 NOTE

Check Details

Version: 1.0.1
Check: LazyData
Result: NOTE
     'LazyData' is specified without a 'data' directory
Flavors: r-devel-linux-x86_64-debian-clang, r-devel-linux-x86_64-debian-gcc, r-devel-linux-x86_64-fedora-clang, r-devel-linux-x86_64-fedora-gcc, r-devel-windows-x86_64, r-patched-linux-x86_64, r-release-linux-x86_64, r-release-macos-arm64, r-release-macos-x86_64, r-release-windows-x86_64, r-oldrel-macos-arm64, r-oldrel-macos-x86_64, r-oldrel-windows-ix86+x86_64