CRAN Package Check Results for Package mvPot

Last updated on 2022-10-03 22:59:22 CEST.

Flavor Version Tinstall Tcheck Ttotal Status Flags
r-devel-linux-x86_64-debian-clang 0.1.5 6.28 38.46 44.74 OK
r-devel-linux-x86_64-debian-gcc 0.1.5 4.50 28.48 32.98 OK
r-devel-linux-x86_64-fedora-clang 0.1.5 67.20 NOTE
r-devel-linux-x86_64-fedora-gcc 0.1.5 66.80 OK
r-devel-windows-x86_64 0.1.5 15.00 74.00 89.00 OK
r-patched-linux-x86_64 0.1.5 5.75 36.04 41.79 OK
r-release-linux-x86_64 0.1.5 5.94 36.11 42.05 OK
r-release-macos-arm64 0.1.5 19.00 OK
r-release-macos-x86_64 0.1.5 28.00 OK
r-release-windows-x86_64 0.1.5 14.00 69.00 83.00 OK
r-oldrel-macos-arm64 0.1.5 25.00 OK
r-oldrel-macos-x86_64 0.1.5 38.00 OK
r-oldrel-windows-ix86+x86_64 0.1.5 15.00 86.00 101.00 OK

Check Details

Version: 0.1.5
Check: Rd cross-references
Result: NOTE
    Undeclared package ‘mev’ in Rd xrefs
Flavor: r-devel-linux-x86_64-fedora-clang