CRAN Package Check Results for Package pinnacle.API

Last updated on 2022-11-28 21:56:13 CET.

Flavor Version Tinstall Tcheck Ttotal Status Flags
r-devel-linux-x86_64-debian-clang 2.3.3 4.91 42.85 47.76 NOTE
r-devel-linux-x86_64-debian-gcc 2.3.3 3.54 33.30 36.84 NOTE
r-devel-linux-x86_64-fedora-clang 2.3.3 68.17 NOTE
r-devel-linux-x86_64-fedora-gcc 2.3.3 64.83 NOTE
r-devel-windows-x86_64 2.3.3 31.00 73.00 104.00 NOTE
r-patched-linux-x86_64 2.3.3 4.60 39.11 43.71 NOTE
r-release-linux-x86_64 2.3.3 4.22 40.34 44.56 NOTE
r-release-macos-arm64 2.3.3 22.00 NOTE
r-release-macos-x86_64 2.3.3 29.00 NOTE
r-release-windows-x86_64 2.3.3 47.00 72.00 119.00 NOTE
r-oldrel-macos-arm64 2.3.3 26.00 NOTE
r-oldrel-macos-x86_64 2.3.3 36.00 NOTE
r-oldrel-windows-ix86+x86_64 2.3.3 10.00 63.00 73.00 NOTE

Additional issues

donttest

Check Details

Version: 2.3.3
Check: LazyData
Result: NOTE
     'LazyData' is specified without a 'data' directory
Flavors: r-devel-linux-x86_64-debian-clang, r-devel-linux-x86_64-debian-gcc, r-devel-linux-x86_64-fedora-clang, r-devel-linux-x86_64-fedora-gcc, r-devel-windows-x86_64, r-patched-linux-x86_64, r-release-linux-x86_64, r-release-macos-arm64, r-release-macos-x86_64, r-release-windows-x86_64, r-oldrel-macos-arm64, r-oldrel-macos-x86_64, r-oldrel-windows-ix86+x86_64