CRAN Package Check Results for Package rneos

Last updated on 2022-11-28 21:56:16 CET.

Flavor Version Tinstall Tcheck Ttotal Status Flags
r-devel-linux-x86_64-debian-clang 0.4-0 6.12 46.80 52.92 NOTE
r-devel-linux-x86_64-debian-gcc 0.4-0 4.18 37.31 41.49 NOTE
r-devel-linux-x86_64-fedora-clang 0.4-0 78.33 NOTE
r-devel-linux-x86_64-fedora-gcc 0.4-0 74.28 NOTE
r-devel-windows-x86_64 0.4-0 35.00 81.00 116.00 NOTE
r-patched-linux-x86_64 0.4-0 5.57 45.51 51.08 OK
r-release-linux-x86_64 0.4-0 4.87 45.96 50.83 OK
r-release-macos-arm64 0.4-0 21.00 OK
r-release-macos-x86_64 0.4-0 32.00 OK
r-release-windows-x86_64 0.4-0 24.00 79.00 103.00 OK
r-oldrel-macos-arm64 0.4-0 25.00 OK
r-oldrel-macos-x86_64 0.4-0 45.00 OK
r-oldrel-windows-ix86+x86_64 0.4-0 12.00 68.00 80.00 OK

Check Details

Version: 0.4-0
Check: Rd files
Result: NOTE
    checkRd: (-1) NlistServersInCategory.Rd:11: Escaped LaTeX specials: \_
Flavors: r-devel-linux-x86_64-debian-clang, r-devel-linux-x86_64-debian-gcc, r-devel-linux-x86_64-fedora-clang, r-devel-linux-x86_64-fedora-gcc, r-devel-windows-x86_64