CRAN Package Check Results for Package sure

Last updated on 2022-10-03 22:59:31 CEST.

Flavor Version Tinstall Tcheck Ttotal Status Flags
r-devel-linux-x86_64-debian-clang 0.2.0 6.33 60.51 66.84 OK
r-devel-linux-x86_64-debian-gcc 0.2.0 4.59 45.19 49.78 OK
r-devel-linux-x86_64-fedora-clang 0.2.0 96.13 NOTE
r-devel-linux-x86_64-fedora-gcc 0.2.0 92.70 OK
r-devel-windows-x86_64 0.2.0 14.00 85.00 99.00 OK
r-patched-linux-x86_64 0.2.0 5.37 55.77 61.14 OK
r-release-linux-x86_64 0.2.0 5.64 56.05 61.69 OK
r-release-macos-arm64 0.2.0 26.00 OK
r-release-macos-x86_64 0.2.0 48.00 OK
r-release-windows-x86_64 0.2.0 19.00 86.00 105.00 OK
r-oldrel-macos-arm64 0.2.0 30.00 OK
r-oldrel-macos-x86_64 0.2.0 51.00 OK
r-oldrel-windows-ix86+x86_64 0.2.0 15.00 83.00 98.00 OK

Check Details

Version: 0.2.0
Check: Rd cross-references
Result: NOTE
    Undeclared package ‘truncdist’ in Rd xrefs
Flavor: r-devel-linux-x86_64-fedora-clang